t -13c0 (base 13) to base 2.
-101100101100
Convert -578b (base 13) to base 9.
-17757
What is 1226 (base 10) in base 5?
14401
-337 (base 10) to base 12
-241
Convert 24024 (base 6) to base 2.
110110010000
What is -77 (base 11) in base 4?
-1110
Convert -420452 (base 6) to base 12.
-17728
What is 1425 (base 9) in base 12?
758
Convert -212210001 (base 3) to base 9.
-25701
What is -1ad52 (base 14) in base 15?
-15451
What is 454 (base 12) in base 14?
33a
1003133 (base 4) to base 15
142e
Convert 10111101 (base 2) to base 10.
189
What is 11260 (base 9) in base 4?
1311102
What is 32b0 (base 12) in base 7?
22224
What is -152 (base 14) in base 10?
-268
-5977 (base 11) to base 4
-1322110
Convert -111100101 (base 2) to base 3.
-122222
82b8 (base 12) to base 2
11011110101100
What is -10000111000000 (base 2) in base 13?
-3c18
2133 (base 11) to base 7
11135
Convert -226 (base 16) to base 12.
-39a
What is -1250 (base 7) in base 9?
-578
Convert 1d6d (base 16) to base 11.
5729
1222100021 (base 3) to base 16
97e7
What is -221554 (base 8) in base 4?
-102031230
-2334 (base 7) to base 10
-858
263034 (base 7) to base 3
2111022120
Convert 29017 (base 11) to base 13.
15a34
10122 (base 7) to base 14
c82
Convert -26530 (base 9) to base 6.
-215000
What is -7700 (base 8) in base 12?
-2400
1303110 (base 4) to base 15
22c0
What is -21121102 (base 4) in base 6?
-454054
Convert 2000121 (base 3) to base 8.
2702
Convert 146252 (base 7) to base 13.
10034
d463 (base 14) to base 4
20322333
Convert -135431 (base 6) to base 9.
-18631
What is 5386 (base 9) in base 7?
14364
What is 144404 (base 7) in base 12?
1423b
Convert -2002010210 (base 3) to base 6.
-513250
8683 (base 15) to base 16
6f39
212012111 (base 3) to base 9
25174
Convert 122101 (base 3) to base 7.
1240
What is 14110 (base 7) in base 2?
111011110101
1187 (base 14) to base 13
1514
What is 332210 (base 4) in base 10?
4004
Convert 111100101011111 (base 2) to base 10.
31071
What is -21445 (base 6) in base 2?
-101110100101
-12043 (base 6) to base 12
-1023
Convert 110111100100 (base 2) to base 13.
1807
What is 21020021 (base 3) in base 10?
5272
What is 5121 (base 6) in base 3?
1112211
1c45 (base 13) to base 6
31454
What is -bc (base 14) in base 2?
-10100110
Convert -280 (base 11) to base 15.
-170
Convert 21020120 (base 3) to base 11.
3a70
-3187 (base 9) to base 10
-2347
What is -220 (base 14) in base 7?
-1140
546 (base 10) to base 3
202020
100000101001 (base 2) to base 3
2212101
What is -220001201 (base 3) in base 13?
-7ca5
What is 48ab (base 14) in base 2?
11000110010111
-100111000010110 (base 2) to base 11
-14023
-493b (base 13) to base 8
-24167
What is -146 (base 8) in base 14?
-74
What is 25050 (base 6) in base 10?
3702
Convert 2c23 (base 15) to base 14.
3655
-220224 (base 5) to base 9
-11334
2d01 (base 15) to base 6
112444
12306 (base 7) to base 10
3240
What is -46744 (base 11) in base 6?
-1240125
Convert -56714 (base 8) to base 10.
-24012
What is 4a9 (base 16) in base 9?
1565
What is 239 (base 16) in base 4?
20321
Convert -913 (base 10) to base 15.
-40d
What is -3722 (base 9) in base 15?
-c4e
Convert 3331232 (base 4) to base 6.
203102
76432 (base 8) to base 7
162241
What is 200110 (base 4) in base 5?
31233
Convert -25618 (base 10) to base 12.
-129aa
-12412 (base 5) to base 8
-1726
What is -510 (base 13) in base 11?
-710
fb9 (base 16) to base 12
23b5
Convert 25e6 (base 16) to base 4.
2113212
10111 (base 5) to base 8
1220
What is -3b3 (base 14) in base 6?
-3241
What is -8e (base 16) in base 3?
-12021
-1010001111 (base 2) to base 6
-3011
What is -245 (base 11) in base 15?
-146
Convert 1012102 (base 3) to base 14.
467
What is -2106 (base 10) in base 15?
-956
Convert 2102012 (base 3) to base 9.
2365
What is 554 (base 8) in base 15?
194
Convert 89 (base 12) to base 8.
151
Convert 136 (base 16) to base 7.
622
What is 355 (base 6) in base 14?
a3
Convert 18a (base 12) to base 7.
505
-1010440 (base 5) to base 12
-9582
Convert -36400 (base 7) to base 6.
-111441
-258 (base 16) to base 6
-2440
What is 1438 (base 12) in base 7?
6563
108 (base 14) to base 6
540
1102022001 (base 3) to base 5
1343134
Convert 2322 (base 8) to base 7.
3412
32a70 (base 11) to base 16
bb00
Convert 1906 (base 10) to base 15.
871
-152523 (base 8) to base 14
-15c8b
162b (base 13) to base 8
6260
What is a942 (base 14) in base 10?
29262
1614 (base 8) to base 14
48c
Convert 77c (base 14) to base 11.
1128
What is -14120 (base 7) in base 12?
-2278
Convert 581 (base 16) to base 12.
995
Convert -254 (base 16) to base 15.
-29b
-140762 (base 8) to base 14
-14146
What is 10a2 (base 14) in base 4?
231012
Convert -224335 (base 6) to base 10.
-19139
Convert -32333103 (base 4) to base 6.
-1152123
Convert a5 (base 15) to base 8.
233
23001 (base 7) to base 2
1011011001000
-220001 (base 3) to base 7
-1615
Convert -3202333 (base 4) to base 12.
-84a7
-210122 (base 3) to base 2
-1001001000
Convert -324c (base 13) to base 2.
-1101101010001
Convert -2212213 (base 4) to base 3.
-112121221
Convert 994 (base 13) to base 8.
3152
111000000110 (base 2) to base 5
103330
What is -22a60 (base 11) in base 15?
-9c9a
What is 122001102 (base 3) in base 8?
30217
Convert 1471 (base 11) to base 6.
12433
3555 (base 8) to base 10
1901
-10000211 (base 3) to base 13
-100c
Convert 10541 (base 6) to base 16.
5dd
What is -18d49 (base 14) in base 3?
-10012101122
-2362 (base 14) to base 12
-3696
Convert -14113 (base 6) to base 9.
-3020
What is -3b0f (base 16) in base 4?
-3230033
22211022 (base 3) to base 7
24521
26374 (base 11) to base 10
37712
What is -24218 (base 9) in base 15?
-4c12
What is 3eb (base 16) in base 13?
5c2
Convert 3a6 (base 12) to base 15.
273
Convert -25631 (base 7) to base 15.
-2058
Convert 3abb (base 15) to base 12.
731b
What is -21 (base 13) in base 11?
-25
15d92 (base 14) to base 10
54812
304001 (base 5) to base 7
40536
670 (base 8) to base 10
440
2c11 (base 13) to base 15
1d91
-31577 (base 10) to base 7
-161030
What is 422 (base 7) in base 3?
21212
Convert 546 (base 7) to base 11.
234
1112021 (base 3) to base 7
3151
114 (base 6) to base 7
64
Convert 34632 (base 7) to base 16.
22bc
-1165 (base 8) to base 14
-32d
What is 1011011100 (base 2) in base 13?
444
Convert -5b09 (base 14) to base 11.
-10a31
Convert 25025 (base 12) to base 11.
34743
What is -2d2 (base 16) in base 6?
-3202
What is 504 (base 9) in base 11?
342
-21112012 (base 3) to base 16
-156e
Convert 262 (base 12) to base 8.
552
Convert a3 (base 11) to base 7.
221
-74360 (base 8) to base 2
-111100011110000
-225121 (base 7) to base 5
-2241240
-7a85 (base 14) to base 6
-242313
-1112221 (base 3) to base 10
-1132
What is -193a (base 11) in base 6?
-15223
Convert -3301 (base 4) to base 7.
-463
Convert 3440 (base 5) to base 15.
230
13833 (base 10) to base 3
200222100
What is 2517 (base 8) in base 3?
1212100
Convert 3822 (base 11) to base 5.
124420
What is 24611 (base 9) in base 15?
4d74
Convert -1238 (base 13) to base 2.
-101000010110
What is 27c1 (base 15) in base 4?
2010322
10233320 (base 4) to base 13
8b10
-d21 (base 14) to base 7
-10341
What is -3317 (base 8) in base 2?
-11011001111
What is 1731 (base 9) in base 8?
2454
-22123 (base 4) to base 13
-3c4
-394 (base 10) to base 3
-112121
-275 (base 11) to base 16
-144
What is 24e7 (base 16) in base 14?
362b
What is -18498 (base 12) in base 15?
-a6a2
Convert 633 (base 13) to base 5.
13211
Convert 2a76 (base 11) to base 15.
128a
-35450 (base 9) to base 12
-11869
What is -633 (base 8) in base 5?
-3121
-242 (base 13) to base 15
-1b2
15112 (base 10) to base 9
22651
Convert -2311 (base 16) to base 15.
-29d7
-252763 (base 8) to base 5
-10300124
-221310 (base 4) to base 7
-10542
What is 26331 (base 12) in base 10?
52309
25 (base 8) to base 9
23
1001100111000 (base 2) to base 8
11470
What is 176 (base 8) in base 13?
99
-122404 (base 5) to base 10
-4729
What is 56e (base 15) in base 11?
a18
201a1 (base 11) to base 10
29514
Convert -386 (base 14) to base 12.
-4aa
Convert 613 (base 14) to base 3.
1122012
What is -2300214 (base 5) in base 11?
-28626
What is 49bc (base 13) in base 9?
15316
What is -1a38a (base 14) in base 15?
-14acb
100001 (base 3) to base 2
11110100
What is -1398 (base 16) in base 2?
-1001110011000
What is 67 (base 10) in base 3?
2111
14333 (base 6) to base 9
3123
What is 3108 (